se 9, what is -183 - 375?
-568
In base 10, what is 72 - 842?
-770
In base 11, what is -1308 - 41?
-1349
In base 9, what is -4 + 806570?
806565
In base 16, what is 525 + -12?
513
In base 13, what is 353 - -4?
357
In base 5, what is -21 - 141140?
-141211
In base 15, what is -1 + -69a8a?
-69a8b
In base 4, what is 20 + -1132312?
-1132232
In base 13, what is 41 - 3927?
-38b6
In base 13, what is -9 + -501?
-50a
In base 9, what is -181 - 1747?
-2038
In base 12, what is 285121 + -5?
285118
In base 5, what is -3012 + 324240?
321223
In base 9, what is 32 - -28437?
28470
In base 7, what is -1 + -46120?
-46121
In base 15, what is 1bc18 + 3?
1bc1b
In base 13, what is -1 - 132c?
-1330
In base 15, what is -4 - 94e99?
-94e9d
In base 3, what is 10112 + -12201011?
-12120122
In base 9, what is -1 + -407125?
-407126
In base 6, what is 135053 + 413?
135510
In base 9, what is -2 - 400533?
-400535
In base 2, what is -100000011001010 + -1?
-100000011001011
In base 4, what is -13 - -320220?
320201
In base 16, what is 3d2f8b - -5?
3d2f90
In base 4, what is 11 + -1013013?
-1013002
In base 15, what is -e25 - 1b?
-e41
In base 7, what is 4 - 12350252?
-12350245
In base 7, what is -266 + -3203?
-3502
In base 12, what is -1ab + -8b24?
-9113
In base 4, what is -1 + -211321001?
-211321002
In base 11, what is 4 - -1546a?
15473
In base 8, what is 274 - -11253?
11547
In base 7, what is -315 + 50?
-235
In base 13, what is 9 + 35b5a?
35b66
In base 12, what is -23 - -18b7?
1894
In base 4, what is 0 + 2311011?
2311011
In base 8, what is 0 - -261?
261
In base 12, what is 138 - -b08?
1044
In base 12, what is -2432 + -1?
-2433
In base 10, what is 500 - -7?
507
In base 7, what is 2540 - 223?
2314
In base 2, what is 10101011100010 + -10011?
10101011001111
In base 9, what is -312 - -28084?
27672
In base 13, what is 23 + 28ba?
2910
In base 11, what is 2 + -70804?
-70802
In base 14, what is 7 - 1bd?
-1b6
In base 13, what is a642 - 2?
a640
In base 11, what is 86809 - -3?
86811
In base 8, what is 75345 + -4?
75341
In base 4, what is -20231 - 10?
-20301
In base 7, what is 42316 - 33?
42253
In base 8, what is -1566 - 64?
-1652
In base 15, what is -5 - -566cb?
566c6
In base 7, what is -36 + 2554?
2515
In base 14, what is 1db + -799?
-59c
In base 7, what is 2461623 + 0?
2461623
In base 14, what is -1c4c - 11?
-1c5d
In base 13, what is 295c0 - -20?
29610
In base 7, what is 5 - -201210?
201215
In base 7, what is -33 - -12106?
12043
In base 11, what is -14 + 2609?
25a5
In base 9, what is -470026 + -3?
-470030
In base 13, what is -622343 - -1?
-622342
In base 16, what is -f823 + -18?
-f83b
In base 3, what is -1 + -10201122121?
-10201122122
In base 7, what is -1 + 152232?
152231
In base 15, what is 3 - -d32a?
d32d
In base 13, what is a52636 + -3?
a52633
In base 10, what is 1 + -40625?
-40624
In base 6, what is -252 + -3042?
-3334
In base 15, what is -1 - -65abd?
65abc
In base 9, what is -4310 - -4?
-4305
In base 7, what is 3320 - -23?
3343
In base 6, what is 121035 + 54?
121133
In base 6, what is 11231 + -503?
10324
In base 14, what is 5 + 10a40?
10a45
In base 2, what is 10110010110 - -11110?
10110110100
In base 6, what is -1401 - -113?
-1244
In base 7, what is -3 - -3253136?
3253133
In base 10, what is -467 - 1122?
-1589
In base 4, what is 303231 + 311?
310202
In base 3, what is -102200202 - 10?
-102200212
In base 8, what is 3 + -153737?
-153734
In base 16, what is -1a09 + 1e?
-19eb
In base 2, what is -1000 - 110110010000?
-110110011000
In base 9, what is 5 + -66862?
-66856
In base 6, what is -12 - 113104?
-113120
In base 16, what is -806 - -b?
-7fb
In base 15, what is -13b - 55?
-191
In base 4, what is 12 + 1302200?
1302212
In base 8, what is -2 - 120352?
-120354
In base 2, what is -10101010 - -1101000010?
1010011000
In base 5, what is 13 + -220314042?
-220314024
In base 12, what is -5 - 1032?
-1037
In base 10, what is -595161 - 2?
-595163
In base 12, what is -5 - -12a99?
12a94
In base 13, what is -36 - -732?
6c9
In base 3, what is 1 - 2222100212?
-2222100211
In base 8, what is 42 - -602?
644
In base 8, what is -2533403 - 5?
-2533410
In base 3, what is -100012200 + 200?
-100012000
In base 10, what is 2 - -226635?
226637
In base 6, what is 101321514 - -2?
101321520
In base 12, what is -172a - -b?
-171b
In base 11, what is -818 + -2aa3?
-3810
In base 3, what is -10 + 100202002?
100201222
In base 11, what is 4 - -45805?
45809
In base 7, what is 101 + 213?
314
In base 5, what is -2 - 111013?
-111020
In base 2, what is 100001111100 - 101101100?
11100010000
In base 11, what is -72 - 9973?
-9a35
In base 8, what is -106 + 106421?
106313
In base 9, what is -223 - -161?
-52
In base 3, what is 20111 - 10220?
2121
In base 7, what is 1155 - -11224?
12412
In base 8, what is -10 + -515010?
-515020
In base 6, what is -252232 + -353?
-253025
In base 10, what is 3 + -24480?
-24477
In base 10, what is 12 - 101415?
-101403
In base 8, what is 1307647 + 2?
1307651
In base 16, what is -5 - -8303?
82fe
In base 12, what is -a824a + -3?
-a8251
In base 6, what is 13543 - 2204?
11335
In base 7, what is 1 - 430202?
-430201
In base 11, what is 10 + -2018?
-2008
In base 11, what is -1 - -32089?
32088
In base 5, what is 10 + -42204333?
-42204323
In base 11, what is -24a + -1856?
-1aa5
In base 14, what is -1235 + -24?
-1259
In base 5, what is 2022210 + 3?
2022213
In base 4, what is 1120 + 1132311?
1200031
In base 12, what is 3a + b119?
b157
In base 13, what is 11013 - -35?
11048
In base 12, what is -3 - 72863?
-72866
In base 4, what is -130323 + 32?
-130231
In base 13, what is -13 - 342a?
-3440
In base 14, what is a8 - 323b?
-3173
In base 14, what is 9666 + -a5?
95a1
In base 7, what is -133 + -1065?
-1231
In base 10, what is -69 + 438?
369
In base 5, what is 4234 - -120413?
130202
In base 13, what is 1 - -5365?
5366
In base 7, what is -226301 + 5?
-226263
In base 3, what is 0 + 1201010112?
1201010112
In base 4, what is 2202 + -10132?
-1330
In base 11, what is -91 + -216?
-2a7
In base 15, what is 47 + 188?
1d0
In base 2, what is 101 - -10001010011110100110?
10001010011110101011
In base 12, what is 31 + -16b83?
-16b52
In base 7, what is 24140 - -21?
24161
In base 7, what is -24005 - 1?
-24006
In base 4, what is 1122211 + 103?
1122320
In base 10, what is 100 - 2344?
-2244
In base 6, what is 5155312 - -2?
5155314
In base 8, what is 1204 + -2111?
-705
In base 16, what is -1cdaf - -18?
-1cd97
In base 11, what is a67 + -34?
a33
In base 6, what is 2141 + -15120?
-12535
In base 11, what is -14 + -1302?
-1316
In base 3, what is 11020122210 - -100?
11020200010
In base 10, what is -15193 - -29?
-15164
In base 10, what is -517470 + 4?
-517466
In base 2, what is -100100 + 111011100101010?
111011100000110
In base 16, what is 6d72 - a2?
6cd0
In base 8, what is 410 - -220?
630
In base 5, what is -31220 + 113?
-31102
In base 13, what is 77 + 81?
128
In base 15, what is 611e4 - 0?
611e4
In base 16, what is 2 - 147c?
-147a
In base 10, what is -154 - 1462?
-1616
In base 13, what is 4 + -912c1?
-912ba
In base 15, what is 2 + -146b?
-1469
In base 10, what is 6 - 95408?
-95402
In base 12, what is -1644ba + 5?
-1644b5
In base 2, what is -110110111100010101111 + -100?
-110110111100010110011
In base 6, what is -243 + 15023?
14340
In base 9, what is -10882 - -12?
-10870
In base 2, what is -100011000001 + 1000?
-100010111001
In base 9, what is 100 - -2118?
2218
In base 5, what is 31102 + -1213?
24334
In base 4, what is -200110 + 101?
-200003
In base 4, what is 1022300122 + 1?
1022300123
In base 16, what is 6b39 + -77?
6ac2
In base 9, what is -2 + -50223?
-50225
In base 3, what is -10200021 - 2022?
-10202120
In base 11, what is -492a - 31?
-4960
In base 7, what is -5024 + 31?
-4663
In base 6, what is 11234 - -5?
11243
In base 13, what is -652 - 52c?
-b81
In base 16, what is 6c - 53a?
-4ce
In base 12, what is 55b + 26?
585
In base 14, what is ac9 + abb?
17a6
In base 4, what is -3110012123 - -10?
-3110012113
In base 5, what is 244103 - 1?
244102
In base 8, what is 245225 + 0?
245225
In base 7, what is 5 - -1053330?
1053335
In base 8, what is 3325 - 20?
3305
In base 4, what is 10 + -31311310?
-31311300
In base 2, what is 10 - -1001010110111100?
1001010110111110
In base 14, what is -3 - bd63?
-bd66
In base 9, what is -6 - 28122?
-28128
In base 16, what is -236 